 -554. Calculate the highest common factor of v and u.
33
Suppose -12*c = -16*c - 44. Let v(o) = -19*o - 47. Let a be v(c). What is the highest common divisor of 18 and a?
18
Let o be (1 + 411)/2*(-23)/46. Let i = o - -115. What is the highest common divisor of 444 and i?
12
Let x = -49 + 70. Suppose -52*r + 27*r + 15675 = 0. Suppose 0 = 18*u - x*u + r. Calculate the greatest common factor of 11 and u.
11
Let o(y) = -7*y + 10. Let a be o(2). Let l be 1 + -2 - (-33 - 6 - a). Calculate the highest common divisor of 272 and l.
34
Let a(r) = 2*r + 40. Suppose -2*v = -3*v. Let i be a(v). Let z = 55 - i. What is the greatest common divisor of z and 5?
5
Let y(b) = 62*b - 35. Let w be y(5). Suppose v + 255 - w = 0. Let l be (-12)/(6/(-80) - 0). Calculate the greatest common factor of l and v.
20
Suppose -4*j = 5*y - 20, 4*y + 8 + 7 = 3*j. Let u be (-2 - y)*2*7/(-28). What is the greatest common factor of 37 and u?
1
Let o be ((-14440)/30)/(28/49 + 256/(-252)). Calculate the highest common divisor of o and 3135.
57
Let o(w) = -9*w**2 - 16*w + 7. Let n be o(-2). Calculate the highest common divisor of n and 204.
3
Let k(u) = 6 + 4*u + 7 - 19*u + 5. Suppose 5*q + 18 = 2*q. Let c be k(q). Calculate the greatest common factor of 27 and c.
27
Suppose 322*u = 165*u + 6908. What is the greatest common divisor of 44 and u?
44
Let r(a) = -41*a - 30. Let g be r(-4). Suppose -273 = 131*z - g*z. Calculate the greatest common divisor of z and 65.
13
Suppose -10*l = -100 - 3990. Suppose -5*h - 52 + 567 = -5*y, -4*h = -3*y - l. What is the greatest common factor of h and 20?
20
Let p = -369 + 414. Suppose 4*m - 419 = 241. What is the greatest common divisor of p and m?
15
Let c(p) = -p**3 + 42*p**2 - 139*p - 377. Let z be c(37). What is the greatest common factor of z and 800?
25
Let h be (20/60)/((-4)/(-36)). Let t(a) = 26*a**2 + 16*a - 9. Let v be t(h). Calculate the highest common divisor of 84 and v.
21
Suppose 4*w + 35 = -3*b - 0, 0 = 2*w + 2*b + 18. Let l = -7 - w. Let i be 3 + (3 - 5) + l + 4. What is the highest common divisor of 12 and i?
6
Suppose 2*t - 16 + 6 = 2*l, -t = 4*l. Let d = -61 + 93. Suppose 0 = -v - 3*v + d. What is the greatest common divisor of t and v?
4
Let d = 38 - -62. Let w be -4*(d/(-8))/(-5). Let n be (-1397)/(-55) + (-6)/w. What is the greatest common factor of n and 13?
13
Let r = 326 + -210. Suppose h = 103 + r. What is the highest common factor of 73 and h?
73
Let y = 13 + -12. Suppose -t + y + 80 = 3*u, 3*t = 0. Calculate the highest common factor of u and 9.
9
Let c(r) = r**3 - 5*r**2 - 10*r - 3. Let i be c(7). Let l = 296 - 304. Let f be 14 + (-6)/(-12)*l. What is the highest common divisor of f and i?
5
Suppose -415 = 12*m - 1507. What is the greatest common divisor of 104 and m?
13
Suppose -5*q = 5*p - 1055, -2*q = 89*p - 93*p - 440. Calculate the highest common divisor of 23112 and q.
214
Let j be -4 + 42 - (0 - -5). Calculate the highest common divisor of j and 858.
33
Let d(r) = -r**3 - 15*r**2 - 17*r - 119. Let p be d(-14). Let i = p + 213. Calculate the highest common factor of i and 170.
34
Suppose 4 = 101*d - 100*d. Let c = 5 - -1. Suppose c*u = d*u + 40. Calculate the highest common divisor of u and 2.
2
Suppose -9*f - 299 = -10*f - b, -563 = -2*f + 3*b. What is the highest common divisor of f and 16?
4
Let i(g) = -9*g**2 + 31*g - 2. Let u be i(3). Let r be 1096/u - ((-37)/5 + 7). Calculate the highest common factor of 11 and r.
11
Suppose -p = 2*p + 192. Let z = 125 + p. Let r(x) = 1506*x - 4030. Let t be r(3). Calculate the highest common factor of z and t.
61
Let y be (-2)/19 + (-50661)/(-247) + -37. Calculate the highest common factor of y and 5328.
24
Let q be (-28)/7 - (1 + -66). Suppose 4*t + 2*i = 9*t - q, 3*i = -9. Calculate the greatest common divisor of t and 1001.
11
Let c(h) = 12*h + 4. Let u be c(0). Suppose 0 = 5*k + t - 33, k - u*t - 9 = -5*t. Calculate the highest common divisor of 96 and k.
6
Suppose f = -6 + 512. Let d be 27/36 - f/(-8). Let x = -3 - -11. What is the highest common divisor of x and d?
8
Let p be 948/5*(12 - ((1 - 6) + 12)). What is the greatest common factor of 372 and p?
12
Suppose 3*r + 5*u - 120 = 0, 335*r + 2*u - 147 = 332*r. Let z = -1354 + 2069. Calculate the highest common divisor of z and r.
55
Suppose q - 1 = l - 8, 2*l + 4*q = 20. Suppose -381 = -l*r + 115. Calculate the highest common divisor of r and 2.
2
Suppose -23*u - 3*a = -18*u - 14390, -3*u + 8653 = -2*a. What is the greatest common divisor of 134 and u?
67
Suppose 0 = 129*j - 122*j - 3570. What is the greatest common factor of 90 and j?
30
Suppose 2*x = 4*s - 468, 3*s = 5*x + 476 - 125. Suppose g - 17 = -r, -4*g + r + 104 = 31. Let v = 27 - g. What is the highest common factor of s and v?
9
Let z = 734 - 718. Suppose 0 = -7*p + z - 2. Suppose 2*l - 5*u = -0*l + 77, 0 = 3*l + 5*u - 53. Calculate the highest common factor of l and p.
2
Let q be ((-33)/4)/((-209)/372020). Calculate the greatest common factor of 165 and q.
165
Let p(v) = -48*v - 26. Let s(o) = 2*o - 1. Let g be s(-3). Let k be p(g). Calculate the highest common divisor of k and 31.
31
Suppose -18424 - 19044 = -76*m. What is the greatest common factor of m and 544?
17
Suppose -4*b + 14 = s, 20 = -5*s - 3*b + 5. Let g be 250/20 + s/(-4). What is the greatest common divisor of g and 1?
1
Let m(l) = -70*l - 9. Let c be m(-7). Suppose 0 = -153*r + 78*r + 62*r + 481. What is the greatest common divisor of r and c?
37
Let q = -81 - -83. Suppose o + 11 = -q*g, 52 = -4*g + 2*o + 10. Let m be g/(-3 - 1) + 0. Calculate the greatest common divisor of 2 and m.
2
Let z be (13 - 8) + (-5 - -3). Suppose 2*l - 168 + 20 = 3*s, -5*l + 379 = -z*s. What is the greatest common factor of l and 22?
11
Let j(a) = -a**3 + 52*a**2 + 158*a - 84. Let c be j(44). What is the greatest common factor of c and 324?
324
Let q = 257 - 248. Let f be (78/8)/(q/12). Calculate the greatest common divisor of f and 26.
13
Suppose -42*z + 336 = -36*z. Suppose 74 = -10*w - z. Let x(i) = i**2 + 12*i + 10. Let d be x(w). Calculate the highest common divisor of 92 and d.
23
Let u(g) = -g**3 - 5*g**2 - g + 21. Let x be u(-4). Suppose -133 = -x*h - 25. Suppose -z = -12 - 4. What is the greatest common factor of z and h?
4
Let w(j) = 826*j + 2502. Let i be w(-3). What is the greatest common divisor of i and 5632?
8
Let p = 9600 + -8053. What is the highest common factor of p and 833?
119
Suppose -15*l + 2730 = 20*l. Calculate the highest common factor of 162 and l.
6
Let f(q) = -5*q**2 - 76*q + 70. Let l be f(-16). Suppose -m + 7 = c - 16, -2*c + 11 = -5*m. Calculate the highest common factor of c and l.
6
Suppose -o - c - 146 = 0, -3*o + 0*o + 3*c = 432. Let x = 153 + o. Calculate the highest common factor of x and 52.
4
Let u(w) = 3*w**2 - 83*w + 137. Let p be u(43). What is the greatest common factor of p and 495?
45
Let h = 804 + -612. Let t = 28 - 4. Calculate the greatest common factor of t and h.
24
Suppose -4*d = -2*s - 73 - 45, -5*s - 55 = -2*d. Suppose 2485 = 8*g - 3299. Let v = g - 683. Calculate the greatest common divisor of v and d.
10
Suppose -2*r = -5*x - 4385, 2*r + 5*x - 5008 = -673. What is the highest common factor of r and 20?
20
Suppose 6 = -0*y - 2*y. Let n = 9 + y. Suppose 32*h - 1581 + 119 = 266. What is the highest common factor of n and h?
6
Let c be ((37 - 43) + -39)*1*(-2 - -3)*-1. Let l(y) = -y**3 + 4*y - 3. Let a be l(-4). Suppose 2*r + r = a. Calculate the greatest common divisor of c and r.
15
Let d be -20 + (-202)/(-10) - (3498/(-5))/2. What is the highest common divisor of d and 50?
50
Let t(c) = -c**3 + 6*c**2 - 3*c + 4. Let m be t(5). Let a be (-4*2)/(6/(-36)). Suppose 2*x = -m + a. What is the greatest common factor of 136 and x?
17
Let r be 16384/14336 + (2/14)/(2/768). What is the greatest common divisor of 1288 and r?
56
Suppose 5891 = 4*y + p, 184*y - 186*y + 2953 = 3*p. What is the greatest common factor of 192 and y?
64
Let h(g) = 2*g**2 + 6*g**3 + 2 + 0*g**2 - 4. Suppose -n + 2*b + 4 = 0, 5*n - 4*b - 23 = -9. Let z be h(n). What is the greatest common factor of z and 6?
6
Let d = -60 + -108. Let s be d/112*26/(-3). What is the greatest common factor of 26 and s?
13
Let c(g) be the first derivative of 16*g**3/3 - g**2 - 1. Let x be -1 + (10/3 - (-3)/(-9